 26*m. What are the prime factors of m?
3, 163
Let x(y) = 33*y + 1. Suppose -6 = -3*p, -2 + 1 = -5*s + 2*p. Let d be x(s). Suppose d = 4*r + 2. List the prime factors of r.
2
Let n be 2/(-10) - 18/(-15). Suppose 3*i + n = -c + i, 5*i = 4*c + 4. List the prime factors of c - -2 - (-20 + -5).
2, 13
Let x be (-46)/(-8) - 10/(-40). Suppose -x*c = -80 - 76. Suppose -2*p + 77 = 3*u, -62 = -p - 2*u - c. List the prime factors of p.
2, 23
Suppose -5*f + 14 = -2*x + 2, 4*x + 2*f = 24. Let n = x + -20. Let k = 6 - n. List the prime factors of k.
2, 11
Suppose 3*y = 6*y - 12. Let i(h) = -6*h**3 - h**2 + h + 1. Let t be i(-1). Suppose -4*u - t*b + 35 = -2*b, 2*u + 10 = y*b. List the prime factors of u.
5
Let p(i) = i**3 - 18*i**2 + 39*i - 14. What are the prime factors of p(16)?
2, 7
Suppose 5*v + 211 = 3*i - 678, 3*v = -4*i + 1224. List the prime factors of i.
3, 101
Suppose -2*n = 1881 - 6189. What are the prime factors of n?
2, 3, 359
Let t be 0 - (-15)/3 - 15. List the prime factors of (-208)/t*(-105)/(-14).
2, 3, 13
Suppose -2*x + 9 = 3. What are the prime factors of (320/(-48))/((-1)/x)?
2, 5
List the prime factors of ((-1)/(-4))/((6 + -5)/4476).
3, 373
Let m = 131 - 91. Suppose -4*r + 106 = v, 2*v + 2*r - 154 = m. What are the prime factors of v?
2, 47
Suppose 12912 = -93*u + 363429. List the prime factors of u.
3769
Let h(n) = 5*n**3 - 3*n**2 - 4*n - 1. Let w be h(4). Let q = w + -133. What are the prime factors of q?
2, 61
Let t(h) = -h**3 - 9*h**2 - 4*h - 17. Let q be t(-9). Suppose -q*v + 1400 = -12*v. What are the prime factors of v?
2, 5
Let a(g) = 1. Let t(j) = 3*j + 8. Let b(q) = -2*a(q) + t(q). Suppose -3*f + 9 = -n, 4*f - 2*n = 5 + 5. What are the prime factors of b(f)?
2, 3
Suppose 53*f = 52*f + 609. What are the prime factors of f?
3, 7, 29
Let a = 279 + -249. Let x be (-412)/(-12) - (-2)/(-6). Let m = x + a. What are the prime factors of m?
2
What are the prime factors of -4 + 5/(25/3485)?
3, 7, 11
Suppose 940 - 4588 = -16*w. List the prime factors of w.
2, 3, 19
Let u = 346 + -58. What are the prime factors of u?
2, 3
List the prime factors of (8 - (-190)/(-6))/(1/(-45)).
3, 5, 71
What are the prime factors of 3*6*(-1790)/100*-5?
3, 179
Let j(x) = 22*x + 4. Let g(p) = -p**3 + 5*p**2 - p. Let s be g(5). Let a be j(s). Let k = -70 - a. List the prime factors of k.
2, 3
Suppose 910 - 3590 = -4*k. Suppose -q - 3*z = -120, q = -4*q - z + k. List the prime factors of q.
3, 5
Let t = 281 + -29. List the prime factors of t.
2, 3, 7
Let y(t) = -2*t**2 - 3*t - 10. Let r be y(-5). Let z be 2/(-8) + r/(-20). Suppose 0 = 5*l - 3*n - 159, l - 3*n - 31 = -z*n. What are the prime factors of l?
3, 11
Let z be 5/(((-4)/((-16)/4))/1). Suppose -z*p + 135 + 445 = 0. List the prime factors of p.
2, 29
Let i(m) be the first derivative of 5*m**4/4 - m**3/3 + m**2/2 + 2*m - 12. What are the prime factors of i(3)?
131
Let h(a) = 5*a**2 - 1. Let f be (0 - -1)/(6/(-12)). Let g be h(f). Let p = 39 - g. What are the prime factors of p?
2, 5
Let h(q) = 32*q**2 - 27*q + 35. List the prime factors of h(14).
7, 11
Suppose -2*s = p - 164, 0*p - 5*s - 150 = -p. Suppose 3*k - 8*k = -p. List the prime factors of k.
2
List the prime factors of 4*24/(-16)*(-230)/6.
2, 5, 23
Suppose 1 = 2*n + 3*g, -3*n + 0*g + 9 = 3*g. Let y(j) = -j**3 + 9*j**2 - 2*j + 6. List the prime factors of y(n).
2, 3
Let m(u) = 21*u**2 - 20*u - 158. List the prime factors of m(-7).
3, 337
Let h(u) = -20*u + 9. What are the prime factors of h(-19)?
389
Suppose 3*x = -3*l - 0*x - 27, 0 = 5*l - 2*x + 45. Let i be 12/8*20/2. Let c = i - l. List the prime factors of c.
2, 3
Let v(c) = -28*c + 35. Let t(a) = -9*a + 12. Let s(d) = 8*t(d) - 3*v(d). Let f be s(12). List the prime factors of (5/15)/(3/f).
3, 5
Suppose -2 = -4*w + 18. Let k(h) = w - 3*h + h**3 - 2*h**2 - h**2 + 0*h**3. List the prime factors of k(4).
3
Let y be (18/(-7))/((-5)/((-210)/(-9))). Let g = y + -7. What are the prime factors of g?
5
Let l(c) = -c**2 - 6*c - 2. Let n be l(-4). Suppose -3*w + 2*k - 5 = 0, -k + 6*k + 4 = 2*w. Let q = n - w. List the prime factors of q.
3
Suppose n + 79 = 263. Suppose -2*y + n = -6. List the prime factors of y.
5, 19
Let z(g) = 2*g**3 - 9*g**2 + 2*g + 4. Let s = -13 + 19. Let m be z(s). Suppose 0 = -y + 5*r + 33, -3*y - 3*r - 25 = -m. List the prime factors of y.
3, 11
Let a be -2 + 3 + (2 - 1). Let n = 16 + a. What are the prime factors of n?
2, 3
Suppose -15 = 3*j - 126. Let b(f) = f**2 - 11*f - 7. Let p be b(0). Let w = j + p. What are the prime factors of w?
2, 3, 5
Suppose -5*s = 4*u - 7, -4*s - s + 3*u + 21 = 0. Suppose 4*i - 65 - s = 0. Let b = i - 12. What are the prime factors of b?
5
Suppose 2*u - 5*q = 3883, 0 = -3*u - 10*q + 15*q + 5817. List the prime factors of u.
2, 967
Let y(x) = -8*x**3 - 9*x**2 - 21*x - 1. List the prime factors of y(-4).
11, 41
What are the prime factors of (492/(-7))/(62/(-434))?
2, 3, 41
Suppose -5*d + 3 = 108. What are the prime factors of (d/9)/7*-78?
2, 13
Suppose 0 = 5*a - 0*a + 5, -4*i + 4*a + 124 = 0. Suppose 0 = -3*y + 285 - i. What are the prime factors of y?
5, 17
Let z(b) = 6*b**2 - 5*b - 35. List the prime factors of z(-4).
3
Let b(n) = 11*n + 3. Let f(k) = 17*k + 4. Let j(g) = 8*b(g) - 5*f(g). Let t = 3 + 0. List the prime factors of j(t).
13
Suppose 0 = -11*w + 12*w - 4. List the prime factors of (16/(-12) + w)*24.
2
Let g(m) = -8*m + 32 + 4*m**2 - 6*m**2 + 12*m + m**2. What are the prime factors of g(0)?
2
Let v(a) = -a**2 - 5. Let y be v(9). Let t = 149 + y. List the prime factors of t.
3, 7
Suppose 0 = -2*d - 993 + 2579. List the prime factors of d.
13, 61
What are the prime factors of 6/27 - ((-26000)/9)/5?
2, 17
Let q(m) = m**3 - 6*m**2 + 7*m - 3. Let b be q(5). Let z be 4/((-40)/45)*(-36)/81. Suppose -b*p + 2*p = -5*s - 80, z*p - s = 31. List the prime factors of p.
3, 5
Suppose -12*p + 505 = -5087. What are the prime factors of p?
2, 233
Let a(n) be the first derivative of -n**4/4 + 3*n**3 + 6*n**2 - 13*n - 47. What are the prime factors of a(9)?
5, 19
Let b = 2353 - 1339. Suppose -u + 7*u = b. Let c = u - 117. List the prime factors of c.
2, 13
Suppose 3*d - 5*w + 4*w = 3606, -4*w = 12. What are the prime factors of d?
1201
What are the prime factors of ((-1220)/183)/(-1*(-1)/(-372))?
2, 5, 31
Let h(q) = q**3 + 6*q**2 + 5*q. Let u be h(-4). Suppose u = -n + 44. What are the prime factors of n?
2
Let z(r) = -25*r. Let m(u) = -u. Let o(b) = -4*m(b) + z(b). Let c be o(-3). Let a = 94 - c. List the prime factors of a.
31
Let m(f) = 7*f - 4. Let z(a) = 5*a - a**2 + 7*a + 3*a - 7 + 27. Let i be z(16). What are the prime factors of m(i)?
2, 3
Suppose 5*m - 3 = 17. Suppose -m*h + 9 + 2 = -p, 5*p + h = 29. Suppose -2*b - 5*g = 16 - 1, p*g + 30 = b. List the prime factors of b.
5
Let y(q) = -7*q**3 - 7*q**2 + 11*q + 63. What are the prime factors of y(-5)?
2, 3, 59
What are the prime factors of 1393*(-3)/(-2) - (-6)/(-12)?
2089
Suppose 3 = c, -y + 2 = 5*c - 16. What are the prime factors of (y + -7 + -34)/((-2)/1)?
19
Suppose -19 = -w + 124. Let t = w + -48. List the prime factors of t.
5, 19
Suppose s + 5*k = 18 + 14, -4*k = -3*s + 115. Let g = 4 - 4. Suppose -5*o = 5*x - s - 53, -4*x - o + 84 = g. What are the prime factors of x?
2, 11
Let x(s) = -6*s - 17. Let f(n) = -n**3 - n**2 - 2*n - 9. Let a be f(0). What are the prime factors of x(a)?
37
What are the prime factors of 2042/3 - (5 - (-78)/(-18))?
2, 5, 17
Suppose 5*v - 1286 + 5310 = 3*l, -5*v + 2716 = 2*l. List the prime factors of l.
2, 337
Suppose 5*c = 0, 206 - 61 = o - 4*c. Let y = o + -79. What are the prime factors of y?
2, 3, 11
Let h = -100 - -101. List the prime factors of (5/(-15))/(h/(-63)).
3, 7
Suppose 0 = b - 6*b + 2*y + 18, 5*y + 22 = b. Let j(h) = -h**b - h**3 + 0*h**3 + 2 - 4. List the prime factors of j(-2).
2
Let l = 63 - -460. What are the prime factors of l?
523
Suppose 0 = -4*x + 1285 - 473. Let g = x - 64. What are the prime factors of g?
139
Let m be 5*(3 + (-36)/10). List the prime factors of (-1)/m - (-336)/18.
19
Suppose 4*j = -l + 857, -3*j - 3*l = -334 - 311. List the prime factors of j.
2, 107
Let k = 1373 + -778. What are the prime factors of k?
5, 7, 17
Suppose 0 = 2*u + 3*c - 48, -20 = -0*u - 2*u + 4*c. Suppose 20*h - 128 = u*h. List the prime factors of h.
2
Let